3 = -v. What is the remainder when v is divided by (-3)/(-2) - b/(-6)?
14
Let g(i) = 170*i + 1568. What is the remainder when 758 is divided by g(-9)?
36
Let h = 23 - -18. Let m = -65 - -76. What is the remainder when h is divided by m?
8
Suppose -3*c + 3*b + 87 = 0, 0 = 7*b - 2*b + 15. What is the remainder when 57 is divided by c?
5
Suppose -22*v = -19*v - 87. Calculate the remainder when 281 is divided by v.
20
Let b = 1232 + -1041. Calculate the remainder when b is divided by 32.
31
Let v(u) = u**3 - 8*u**2 + 2*u - 10. Let b be v(8). Let n = 14 - b. Calculate the remainder when 20 is divided by n.
4
Let l(x) = 13 - 3*x**3 - 13 + x**2 + x. Let i = 19 - 17. Calculate the remainder when l(-1) is divided by i.
1
Let x be 6*(1 + (-4)/(-8)). Let j = x - 4. Suppose 2*l = -4*v + l + 13, -j*l - 15 = 0. What is the remainder when 4 is divided by v?
0
Let i = -185 - -413. Let p = -36 - -69. Calculate the remainder when i is divided by p.
30
Let c = -69 + 151. Let q = 39 - 33. What is the remainder when c is divided by q*(52/6 + -4)?
26
Let d(t) = -2*t**2 + 6*t + 2. Let n(g) = g**2 + g. Let h(u) = -d(u) - 3*n(u). Suppose -2*k + 15 + 53 = 0. Calculate the remainder when k is divided by h(-7).
10
Let v = 596 + -572. What is the remainder when v is divided by 14?
10
Suppose 47*r - 1224 = -2*w + 50*r, -r - 2438 = -4*w. Calculate the remainder when w is divided by 47.
45
Suppose 4*l - 7 = 5. Suppose 2*p = l*x + 10, 0 = -3*p + 4*x - x + 12. Suppose -p*d = d - 69. Calculate the remainder when 45 is divided by d.
22
Suppose 0 = 4*n - 5*f + 13, n + 3 = -3*f + 21. Suppose n*a = 12 + 15. Suppose -71*b + 25 = -70*b. What is the remainder when b is divided by a?
7
Suppose -4*l - 5*f + 673 + 465 = 0, 0 = -3*f - 6. Calculate the remainder when l is divided by 48.
47
Suppose -1462 + 300 = -7*b. Suppose -z = 2*d - 73 - 14, 4*d - 156 = 4*z. What is the remainder when b is divided by d?
40
Let u = -80 + 84. Let f(z) = -z - 3. Calculate the remainder when f(-8) is divided by u.
1
Let y = -109 + 89. Let v = y + 51. What is the remainder when 85 is divided by v?
23
Let u be (2/(-6))/((-2)/12). Suppose 0 = -j - 2*w - 12, -u*j + 4*w - 46 = 3*j. Let x = -5 - j. Calculate the remainder when x is divided by 4.
1
Suppose 146 - 883 = -11*k. What is the remainder when 327 is divided by k?
59
Calculate the remainder when 181 is divided by (-18328)/(-290) + (-2)/10.
55
Calculate the remainder when -2*(-131 + 8)/3 is divided by 44.
38
Suppose -3*j = -11*x + 14*x - 168, -3*x = -15. What is the remainder when j is divided by 43?
8
Suppose 2*b - 3 - 9 = 0. Let f be ((0 - 1) + 2)*(-12 - -1). Let r(p) = -p - 6. Calculate the remainder when b is divided by r(f).
1
Let d(a) = a**3 + 10*a**2 - 12*a - 8. Let p be d(-11). Suppose p*q + 0*q = 0. Suppose -3*o + 22 - 4 = q. What is the remainder when 11 is divided by o?
5
Suppose -4*f = 5*j - 112, 4*j - 41 = -3*f + 42. Calculate the remainder when 77 is divided by f.
11
Suppose 0 = 4*k + 2 - 18. What is the remainder when ((-1)/2 + 0)/(k/(-424)) is divided by 14?
11
Let v be (0 + 1)*(-11 - -7) + 7. Suppose -3*t + 328 = t. Suppose 4*s - 3*o - t = 0, -v*o - 44 = -2*s - 0*s. What is the remainder when s is divided by 7?
5
What is the remainder when (29 - 13)/((-2)/(-17)) is divided by 28?
24
Let d be (1 - 0)/1*16. Let t be 1/((25/(-110))/(-5)). Suppose t*h = 24*h - d. What is the remainder when h is divided by 4?
0
Let n = -367 + 733. What is the remainder when n is divided by 16?
14
Let o = 3 - 3. Suppose -4*d + 6 = -5*m, -d - 3*m + 14 - 4 = o. Suppose -d = 4*j, 5*v + j - 23 = 4*j. What is the remainder when 14 is divided by v?
2
Suppose 324 = -g + 3*g. Let a = -136 - -177. Calculate the remainder when g is divided by a.
39
Let t(p) = 3*p**2 + 6*p - 1. Let x be 1*(41 - (-1 + 1)). Let z = 56 - x. Calculate the remainder when t(-5) is divided by z.
14
Let k = 48 - 44. Suppose 136 + k = 4*y. Calculate the remainder when y is divided by 14.
7
Suppose 2*l + y + 170 = 511, l - 3*y = 167. Calculate the remainder when l is divided by 79.
12
Suppose 0 = 4*b - 1 + 5. Let l be (-4)/12*b*-3. What is the remainder when 21 is divided by (-12)/(-14)*(15 + l)?
9
Suppose 63 + 139 = 2*a. Let y = 3611 + -3559. Calculate the remainder when a is divided by y.
49
Let p(b) = -b**3 - 3*b**2 - 2*b + b**2 + 4 - 1 - 4*b**2. What is the remainder when p(-6) is divided by 8?
7
Let j = 1379 + -1343. What is the remainder when 105 is divided by j?
33
Suppose -855 = -149*w + 144*w. Calculate the remainder when w is divided by 60.
51
Let y = 2036 + -1956. What is the remainder when 218 is divided by y?
58
Suppose -3*d - 7 = -4. Let i be 14/(-7)*(d - 1). What is the remainder when i/(12/(-9)) - -23 is divided by 11?
9
Suppose 5*d + p = 23, 3*p + 2*p - 23 = -2*d. Suppose -48 = -f + d*g, 4*f - g - 44 = 88. Calculate the remainder when f is divided by 17.
15
Let m = -36 + 56. What is the remainder when 22 is divided by 32/5 + (-8)/m?
4
Let n = 3135 - 3133. Let s = 16 + -10. Calculate the remainder when s is divided by n.
0
Let s(a) = a**2 + 13*a + 16. Calculate the remainder when s(-16) is divided by 19.
7
Suppose -15*j = -18*j + 21. Calculate the remainder when 48 is divided by j.
6
Suppose 3*q - 2620 = 3*v - 673, 3*q + v = 1939. Calculate the remainder when q is divided by 25.
22
Suppose -7*b = -950 + 229. Let w = 120 - b. Calculate the remainder when 28 is divided by w.
11
Let c(g) = 2*g - 28. Let r be c(6). Let t(b) = b**3 + 15*b**2 - 17*b - 1. What is the remainder when 24 is divided by t(r)?
9
Let m = 8 - 1. Suppose 3*f - m*f = 0. Suppose f*v + v - 13 = 0. What is the remainder when 48 is divided by v?
9
Suppose 2*y + o - 75 = 0, -5*y + 2*o + 201 = -0*o. Suppose 3*f + y = 3*z, -3*f = 4*z - z - 27. What is the remainder when 54 is divided by z?
10
Suppose 37*h + 2 = 76. Calculate the remainder when 247 is divided by h.
1
What is the remainder when 6/(-36) + (-24446)/(-12) is divided by 24?
21
Let r(g) = -g**2 - 2*g + 3. Let n be r(0). Suppose n*i + 43 = 100. Calculate the remainder when 92 is divided by i.
16
Let z = 185 - 163. Calculate the remainder when 60 is divided by z.
16
Let d = 14 - 12. Suppose -p + d = -3. Suppose -j - 4*j + 75 = p*l, j + 5 = 3*l. What is the remainder when 16 is divided by j?
6
Let n = 91 - -122. What is the remainder when n is divided by 54?
51
Let x = -115 + 563. What is the remainder when x is divided by 50?
48
Let o be (4/2)/(8/(-12)). Let u be o/6 + 166/4. Let p = u - 15. What is the remainder when 75 is divided by p?
23
Suppose -2*m + 15 = 11. Suppose 4*y = -m*o, -5*o + 0*y - 9 = y. Let x(d) = 4*d**2 - 2*d - 2. Calculate the remainder when x(o) is divided by 11.
7
Let n be -17 + 18 + 6/(-2). Let w be 23/2 - n/(-4). Suppose b - 2*b + w = 0. What is the remainder when 42 is divided by b?
9
Suppose -2*x = -39 + 3. Let c(b) = -70*b - 759. What is the remainder when x is divided by c(-11)?
7
Let a(p) = 8*p + 27. What is the remainder when a(2) is divided by 19?
5
Suppose 4*o = 6 + 10. Suppose -l - o*l = -2*v + 52, -3*v - 5*l = -53. Let h = -18 + 26. What is the remainder when v is divided by h?
5
Let i(r) = -4*r**2 - 65*r + 12. What is the remainder when 694 is divided by i(-15)?
85
Let f = -1055 + 1078. What is the remainder when 85 is divided by f?
16
Suppose -8*c - 6*c + 28 = 0. Suppose 0*n + 5*n - 5*w = 15, -3*n - c*w = -4. Calculate the remainder when 6 is divided by n.
0
Let k(u) = -u**3 + 33*u**2 - 26*u + 21. What is the remainder when k(32) is divided by 54?
51
Let n = -32 - -30. Let b(a) = -5*a - 5. Suppose 5*m - 4*d - 53 = 0, 2*m = -0*m - 3*d + 35. Calculate the remainder when m is divided by b(n).
3
Let f = 44 - 40. Suppose 5*u + 22 = b, 2*u + 54 = f*b - u. What is the remainder when b is divided by 7?
5
Let r(s) = -s + 2. Let f(w) = -w + 2. Let y(u) = -4*f(u) + 3*r(u). Let g be y(0). Calculate the remainder when 43 is divided by 11*g*10/(-20).
10
Let t(a) be the first derivative of -a**4/4 - 2*a**3 + 2*a**2 - 17*a - 17. Calculate the remainder when 7 is divided by t(-7).
3
Let x(h) = h - 3. Let c be x(5). Suppose 5*t = c + 3. Calculate the remainder when (27 - (t + -2)) + -3 is divided by 13.
12
What is the remainder when 37 is divided by 1256/40 + 12/(-30)?
6
Calculate the remainder when 3*-1*3*-1 is divided by (-6)/(-11) + (-3780)/(